{"id":59,"date":"2013-09-10T21:30:22","date_gmt":"2013-09-10T19:30:22","guid":{"rendered":"http:\/\/burggrafweb.de\/?page_id=59"},"modified":"2016-01-07T17:14:00","modified_gmt":"2016-01-07T15:14:00","slug":"2013-oktober-hurtigruten","status":"publish","type":"page","link":"https:\/\/burggrafweb.de\/?page_id=59","title":{"rendered":"2013 Oktober Hurtigruten"},"content":{"rendered":"<p>12-Tage-Reise<br \/>\nBergen-Kirkenes-Bergen<\/p>\n<p><a href=\"https:\/\/burggrafweb.de\/wp-content\/uploads\/2013\/09\/20130910-215001.jpg\"><img decoding=\"async\" class=\"alignnone size-full\" src=\"https:\/\/burggrafweb.de\/wp-content\/uploads\/2013\/09\/20130910-215001.jpg\" alt=\"20130910-215001.jpg\" \/><\/a><\/p>\n<p>Diese Reise ist das ultimative Hurtigruten Erlebnis.<br \/>\nAuf der 2.500 nautischen Meilen langen Seestrecke besuchen wir 34 H\u00e4fen und erleben atemberaubende Naturschauspiele.<\/p>\n<p>H\u00f6hepunkte<br \/>\n&#8211; Hj\u00f8rundfjord<br \/>\n&#8211; Jugendstilstadt \u00c5lesund<br \/>\n&#8211; Trondheim, Norwegens fr\u00fchere Hauptstadt.<br \/>\n&#8211; Zweimal den Polarkreis \u00fcberqueren.<br \/>\n&#8211; n\u00f6rdlichste Stadt der Welt, Hammerfest.<br \/>\n&#8211; Nordkap<br \/>\n&#8211; Inselwelt der Vester\u00e5len und Lofoten.<br \/>\n&#8211; Troms\u00f8, das Tor zur Arktis.<br \/>\n&#8211; historischer Hafen von Bergen<\/p>\n<p>O-Ton Reiseveranstalter:<\/p>\n<p>Reiseverlauf<br \/>\n1. Tag: Einschiffung in Bergen<br \/>\nHafen: Bergen<br \/>\nAusgangspunkt Ihrer Reise ist Bergen, das vom ber\u00fchmten Wikingerk\u00f6nig Olaf vor mehr als 900 Jahren gegr\u00fcndet wurde. Bis heute hat die alte Hansestadt ihren Charakter und ihre Geschichte bewahrt. Schon am Anleger entdecken Sie Geb\u00e4ude mit seew\u00e4rts gerichteten Giebeln, die teilweise bereits im 14. Jahrhundert errichtet wurden.<\/p>\n<p>2. Tag: \u00c5lesund<br \/>\nH\u00e4fen: Flor\u00f8, M\u00e5l\u00f8y, Torvik, \u00c5lesund, Molde<br \/>\nWachen Sie mit der atemberaubenden Sch\u00f6nheit Norwegens in seinen pr\u00e4chtigsten Herbstfarben auf, w\u00e4hrend Sie das offene Meer Richtung Torvik \u00fcberqueren. Nach einem Aufenthalt in der Jugendstilstadt \u00c5lesund geht es nach Molde mit Aussicht auf die vielleicht schon schneebedeckten Romsdal-Alpen.<\/p>\n<p>3. Tag: Die K\u00f6nigsstadt Trondheim<br \/>\nH\u00e4fen: Kristiansund, Trondheim, R\u00f8rvik<br \/>\nNorwegens fr\u00fchere Hauptstadt Trondheim ist ein Juwel \u2013 und Sie haben Zeit, sie zu entdecken. Bummeln Sie durch charmante Stra\u00dfen, genie\u00dfen Sie den idyllischen Hafen oder gehen Sie \u00fcber die alte Stadtbr\u00fccke und besuchen Sie die restaurierten Holzh\u00e4user von Bakklandet.<\/p>\n<p>4. Tag: Polarkreis und Lofoten<br \/>\nH\u00e4fen: Br\u00f8nn\u00f8ysund, Sandnessj\u00f8en, Nesna, \u00d8rnes, Bod\u00f8, Stamsund, Svolv\u00e6r<br \/>\nHeute Morgen \u00fcberqueren Sie den Polarkreis. Wenn es Ihr erstes Mal ist, sind Sie zur Polarkreistaufe eingeladen. Am Abend erreichen Sie Svolv\u00e6r, den Hauptort der Lofoten. Hier haben Sie die M\u00f6glichkeit, auf dem authentischen Lofotr Wikingerfest, das in einem Nachbau des gr\u00f6\u00dften jemals gefundenen Wikingerhauses gefeiert wird, weit zur\u00fcck in die Zeit der Wikinger zu reisen (optionaler Ausflug).<\/p>\n<p>5. Tag: Troms\u00f8, das Tor zur Arktis<br \/>\nH\u00e4fen: Stokmarknes, Sortland, Ris\u00f8yhamn, Harstad, Finnsnes, Troms\u00f8, Skjerv\u00f8y<br \/>\nHeute genie\u00dfen Sie die Aussicht auf eine facettenreiche Kulturlandschaft mit \u00c4ckern, Kiefern und steilen Gipfeln. Am fr\u00fchen Nachmittag haben Sie Zeit f\u00fcr Troms\u00f8, das Tor zur Arktis.<\/p>\n<p>6. Tag: Honningsv\u00e5g und das Nordkap<br \/>\nH\u00e4fen: \u00d8ksfjord, Hammerfest, Hav\u00f8ysund, Honningsv\u00e5g, Kj\u00f8llefjord, Mehamn, Berlev\u00e5g<br \/>\nAtmen Sie die klare, reine Luft und betrachten Sie die reizvolle Sch\u00f6nheit der Landschaft. Nach einem fr\u00fchen Halt in Hammerfest erreichen Sie Honningsv\u00e5g, das Tor zum einzigartigen Nordkap, das 300 m aus dem Meer emporragt. Bei 71\u00b0 10\u2019 21\u201d Nord sind Sie nur noch 2.000 km vom geografischen Nordpol entfernt. Am Abend passieren Sie die Felsformation Finnkirka, einen heiligen Ort der einheimischen Samen.<\/p>\n<p>7. Tag: Kirkenes, der Wendepunkt<br \/>\nH\u00e4fen: B\u00e5tsfjord, Vard\u00f8, Vads\u00f8, Kirkenes<br \/>\nKirkenes ist der letzte Hafen auf Ihrer Reise und bei 30\u00b0 Ost sind Sie tats\u00e4chlich weiter \u00f6stlich als Istanbul oder St. Petersburg. Durch ihre Lage nahe der russischen und finnischen Grenze ist diese kleine Stadt sehr lebendig.<\/p>\n<p>7. Tag: Kirkenes, die Reise Richtung S\u00fcden beginnt<br \/>\nH\u00e4fen: Kirkenes, Vard\u00f8, B\u00e5tsfjord, Berlev\u00e5g<br \/>\nNun geht die Reise wieder gen S\u00fcden und die H\u00e4fen, die Sie auf der Nordroute nur nachts besucht haben, erleben Sie jetzt im Glanz des Tageslichts. Nach der Passage \u00fcber den Varangerfjord erreichen Sie Vard\u00f8, den \u00f6stlichsten Punkt des Landes. Am Abend besuchen Sie B\u00e5tsfjord und Berlev\u00e5g.<\/p>\n<p>8. Tag: Hammerfest und Troms\u00f8<br \/>\nH\u00e4fen: Mehamn, Kj\u00f8llefjord, Honningsv\u00e5g, Hav\u00f8ysund, Hammerfest, \u00d8ksfjord, Skjerv\u00f8y, Troms\u00f8<br \/>\nBeginnen Sie den Tag mit einem Fr\u00fchst\u00fcck am Nordkap im Rahmen eines optionalen Ausflugs. Nach kurzen Aufenthalten in Honningsv\u00e5g und Hav\u00f8ysund besuchen Sie Hammerfest, die n\u00f6rdlichste Stadt der Welt. Anschlie\u00dfend geht es weiter s\u00fcdw\u00e4rts nach \u00d8ksfjord, wo ein Gletscher direkt ins Meer ragt. Nach einem Stopp im alten Handelsposten Skjerv\u00f8y erreichen Sie Troms\u00f8 rechtzeitig zum Start ins Nachtleben.<\/p>\n<p>9. Tag: Vester\u00e5len und Lofoten<br \/>\nH\u00e4fen: Troms\u00f8, Finnsnes, Harstad, Ris\u00f8yhamn, Sortland, Stokmarknes, Svolv\u00e6r, Stamsund<br \/>\nDie Inselgruppe der Vester\u00e5len und Lofoten bietet Ihnen die wohl atemberaubendsten Landschaften Ihrer Hurtigruten Reise. Dann navigiert Ihr Hurtigruten Schiff durch den engen Raftsund. Wenn Zeit und Wetter es erlauben, machen Sie einen Abstecher in den einzigartigen Trollfjord, wo steile Klippen das Schiff fast ber\u00fchren. Anschlie\u00dfend geht es nach Svolv\u00e6r.<\/p>\n<p>10. Tag: Polarkreis, Sieben Schwestern<br \/>\nH\u00e4fen: Bod\u00f8, \u00d8rnes, Nesna, Sandnessj\u00f8en, Br\u00f8nn\u00f8ysund, R\u00f8rvik<br \/>\nVon \u00d8rnes aus fahren Sie in kristallklarem Wasser durch eine Landschaft, die sich auf den Winter vorbereitet. Sie \u00fcberqueren wieder den Polarkreis. Vorbei an den idyllischen Sandnessj\u00f8en-Inseln geht es nach Br\u00f8nn\u00f8ysund zur sagenumwobenen Bergkette der Sieben Schwestern.<\/p>\n<p>11. Tag: Trondheim und Kristiansund<br \/>\nH\u00e4fen: Trondheim, Kristiansund, Molde, \u00c5lesund<br \/>\nHeute erhalten Sie eine weitere Gelegenheit, Trondheim zu entdecken. Der Nidaros-Dom ist Skandinaviens gr\u00f6\u00dftes mittelalterliches Bauwerk. Auf dem Weg \u00fcber das offene Meer nach Molde, der \u201eStadt der Rosen\u201c, sehen Sie die steilen, grauen, spitzen Gipfel der Romsdal-Alpen in der Sonne glitzern.<\/p>\n<p>12. Tag: Bergen, Ausschiffung<br \/>\nH\u00e4fen: \u00c5lesund, Torvik, M\u00e5l\u00f8y, Flor\u00f8, Bergen<br \/>\nW\u00e4hrend der Nacht laufen Sie Torvik, M\u00e5l\u00f8y und Flor\u00f8 an und allm\u00e4hlich geht die \u201esch\u00f6nste Seereise der Welt\u201c zu Ende. Vorher genie\u00dfen Sie aber noch etliche Seemeilen die spektakul\u00e4re Landschaft Norwegens. In Bergen verlassen Sie Ihr Schiff und nehmen unvergessliche Erinnerungen an eine einzigartige Herbstreise mit nach Hause.<\/p>\n","protected":false},"excerpt":{"rendered":"<p>12-Tage-Reise Bergen-Kirkenes-Bergen Diese Reise ist das ultimative Hurtigruten Erlebnis. Auf der 2.500 nautischen Meilen langen Seestrecke besuchen wir 34 H\u00e4fen und erleben atemberaubende Naturschauspiele. H\u00f6hepunkte &#8211; Hj\u00f8rundfjord &#8211; Jugendstilstadt \u00c5lesund &#8211; Trondheim, Norwegens fr\u00fchere Hauptstadt. &#8211; Zweimal den Polarkreis \u00fcberqueren. &#8211; n\u00f6rdlichste Stadt der Welt, Hammerfest. &#8211; Nordkap &#8211; Inselwelt der Vester\u00e5len und Lofoten. &#8211; [&hellip;]<\/p>\n","protected":false},"author":1,"featured_media":0,"parent":743,"menu_order":0,"comment_status":"open","ping_status":"open","template":"","meta":{"footnotes":""},"class_list":["post-59","page","type-page","status-publish","hentry"],"_links":{"self":[{"href":"https:\/\/burggrafweb.de\/index.php?rest_route=\/wp\/v2\/pages\/59","targetHints":{"allow":["GET"]}}],"collection":[{"href":"https:\/\/burggrafweb.de\/index.php?rest_route=\/wp\/v2\/pages"}],"about":[{"href":"https:\/\/burggrafweb.de\/index.php?rest_route=\/wp\/v2\/types\/page"}],"author":[{"embeddable":true,"href":"https:\/\/burggrafweb.de\/index.php?rest_route=\/wp\/v2\/users\/1"}],"replies":[{"embeddable":true,"href":"https:\/\/burggrafweb.de\/index.php?rest_route=%2Fwp%2Fv2%2Fcomments&post=59"}],"version-history":[{"count":7,"href":"https:\/\/burggrafweb.de\/index.php?rest_route=\/wp\/v2\/pages\/59\/revisions"}],"predecessor-version":[{"id":749,"href":"https:\/\/burggrafweb.de\/index.php?rest_route=\/wp\/v2\/pages\/59\/revisions\/749"}],"up":[{"embeddable":true,"href":"https:\/\/burggrafweb.de\/index.php?rest_route=\/wp\/v2\/pages\/743"}],"wp:attachment":[{"href":"https:\/\/burggrafweb.de\/index.php?rest_route=%2Fwp%2Fv2%2Fmedia&parent=59"}],"curies":[{"name":"wp","href":"https:\/\/api.w.org\/{rel}","templated":true}]}}