{"id":743,"date":"2016-01-07T17:10:34","date_gmt":"2016-01-07T15:10:34","guid":{"rendered":"http:\/\/burggrafweb.de\/?page_id=743"},"modified":"2016-11-20T17:15:43","modified_gmt":"2016-11-20T15:15:43","slug":"2013-2","status":"publish","type":"page","link":"https:\/\/burggrafweb.de\/?page_id=743","title":{"rendered":"2013"},"content":{"rendered":"<h3>2013 Februar London<\/h3>\n<p><a href=\"https:\/\/burggrafweb.de\/wp-content\/uploads\/2016\/01\/IMG_0073-e1479653939110.jpg\"><img loading=\"lazy\" decoding=\"async\" class=\"alignnone size-large wp-image-834\" src=\"https:\/\/burggrafweb.de\/wp-content\/uploads\/2016\/01\/IMG_0073-e1479653939110-768x1024.jpg\" alt=\"img_0073\" width=\"625\" height=\"833\" srcset=\"https:\/\/burggrafweb.de\/wp-content\/uploads\/2016\/01\/IMG_0073-e1479653939110-768x1024.jpg 768w, https:\/\/burggrafweb.de\/wp-content\/uploads\/2016\/01\/IMG_0073-e1479653939110-225x300.jpg 225w, https:\/\/burggrafweb.de\/wp-content\/uploads\/2016\/01\/IMG_0073-e1479653939110-624x832.jpg 624w\" sizes=\"auto, (max-width: 625px) 100vw, 625px\" \/><\/a><\/p>\n<h3>2013 M\u00e4rz Provence<\/h3>\n<p><a href=\"https:\/\/burggrafweb.de\/wp-content\/uploads\/2016\/01\/0250.jpg\"><img loading=\"lazy\" decoding=\"async\" class=\"alignnone size-large wp-image-835\" src=\"https:\/\/burggrafweb.de\/wp-content\/uploads\/2016\/01\/0250-1024x768.jpg\" alt=\"0250\" width=\"625\" height=\"469\" srcset=\"https:\/\/burggrafweb.de\/wp-content\/uploads\/2016\/01\/0250-1024x768.jpg 1024w, https:\/\/burggrafweb.de\/wp-content\/uploads\/2016\/01\/0250-300x225.jpg 300w, https:\/\/burggrafweb.de\/wp-content\/uploads\/2016\/01\/0250-768x576.jpg 768w, https:\/\/burggrafweb.de\/wp-content\/uploads\/2016\/01\/0250-624x468.jpg 624w, https:\/\/burggrafweb.de\/wp-content\/uploads\/2016\/01\/0250.jpg 2048w\" sizes=\"auto, (max-width: 625px) 100vw, 625px\" \/><\/a><\/p>\n<h3>2013 Mai England<\/h3>\n<p><a href=\"https:\/\/burggrafweb.de\/wp-content\/uploads\/2016\/01\/0001.jpg\"><img loading=\"lazy\" decoding=\"async\" class=\"alignnone size-large wp-image-836\" src=\"https:\/\/burggrafweb.de\/wp-content\/uploads\/2016\/01\/0001-1024x768.jpg\" alt=\"0001\" width=\"625\" height=\"469\" srcset=\"https:\/\/burggrafweb.de\/wp-content\/uploads\/2016\/01\/0001-1024x768.jpg 1024w, https:\/\/burggrafweb.de\/wp-content\/uploads\/2016\/01\/0001-300x225.jpg 300w, https:\/\/burggrafweb.de\/wp-content\/uploads\/2016\/01\/0001-768x576.jpg 768w, https:\/\/burggrafweb.de\/wp-content\/uploads\/2016\/01\/0001-624x468.jpg 624w, https:\/\/burggrafweb.de\/wp-content\/uploads\/2016\/01\/0001.jpg 2048w\" sizes=\"auto, (max-width: 625px) 100vw, 625px\" \/><\/a><\/p>\n<h3><a href=\"https:\/\/burggrafweb.de\/?page_id=44\" target=\"_blank\">2013 August Italien &#8211; Wegbschreibung<\/a><br \/>\n&#8211; <a href=\"https:\/\/burggrafweb.de\/?page_id=45\" target=\"_blank\">Umbrien<\/a><br \/>\n&#8211;\u00a0<a href=\"https:\/\/burggrafweb.de\/?page_id=47\" target=\"_blank\">Rom<\/a><br \/>\n&#8211; <a href=\"https:\/\/burggrafweb.de\/?page_id=53\" target=\"_blank\">Golf von\u00a0Neapel<\/a><br \/>\n&#8211; <a href=\"https:\/\/burggrafweb.de\/?page_id=55\" target=\"_blank\">Elba<\/a><\/h3>\n \n<!-- Start container 1 --><div id=\"wppa-modal-container-1\" class=\"wppa-modal-container\" style=\"position:relative;z-index:100000;\" data-wppa=\"yes\" ontouchmove=\"event.stopPropagation();\"><\/div><div id=\"wppa-container-wrapper-1\" class=\"alignnone wppa-container-wrapper \" style=\"width:100%;clear:both;padding:0;position:relative;\"><div id=\"wppa-container-1\" style=\"width:100%;\" class=\"wppa-container wppa-container-1 wppa-rev-9112007 wppa-prevrev-9111001 wppa-theme-9.1.12.007 wppa-api-9.1.12.007\"><svg id=\"wppa-ajax-spin-1\" class=\"wppa-ajax-spin uil-default\" width=\"120px\" height=\"120px\" viewBox=\"0 0 100 100\" preserveAspectRatio=\"xMidYMid\" stroke=\"\" style=\"width:120px; height:120px; position:fixed; top:50%; margin-top:-60px; left:50%; margin-left:-60px; opacity:1; display:none; fill:#666666; background-color:#dddddd; border-radius:12px;\"><rect x=\"0\" y=\"0\" width=\"100\" height=\"100\" fill=\"none\" class=\"bk\"><\/rect><rect class=\"wppa-ajaxspin\" x=\"47\" y=\"40\" width=\"6\" height=\"20\" rx=\"3\" ry=\"3\" transform=\"rotate(0 50 50) translate(0 -32)\"><animate attributeName=\"opacity\" from=\"1\" to=\"0\" dur=\"1.5s\" begin=\"0s\" repeatCount=\"indefinite\" ><\/rect><rect class=\"wppa-ajaxspin\" x=\"47\" y=\"40\" width=\"6\" height=\"20\" rx=\"3\" ry=\"3\" transform=\"rotate(22.5 50 50) translate(0 -32)\"><animate attributeName=\"opacity\" from=\"1\" to=\"0\" dur=\"1.5s\" begin=\"0.09375s\" repeatCount=\"indefinite\" ><\/rect><rect class=\"wppa-ajaxspin\" x=\"47\" y=\"40\" width=\"6\" height=\"20\" rx=\"3\" ry=\"3\" transform=\"rotate(45 50 50) translate(0 -32)\"><animate attributeName=\"opacity\" from=\"1\" to=\"0\" dur=\"1.5s\" begin=\"0.1875s\" repeatCount=\"indefinite\" ><\/rect><rect class=\"wppa-ajaxspin\" x=\"47\" y=\"40\" width=\"6\" height=\"20\" rx=\"3\" ry=\"3\" transform=\"rotate(67.5 50 50) translate(0 -32)\"><animate attributeName=\"opacity\" from=\"1\" to=\"0\" dur=\"1.5s\" begin=\"0.28125s\" repeatCount=\"indefinite\" ><\/rect><rect class=\"wppa-ajaxspin\" x=\"47\" y=\"40\" width=\"6\" height=\"20\" rx=\"3\" ry=\"3\" transform=\"rotate(90 50 50) translate(0 -32)\"><animate attributeName=\"opacity\" from=\"1\" to=\"0\" dur=\"1.5s\" begin=\"0.375s\" repeatCount=\"indefinite\" ><\/rect><rect class=\"wppa-ajaxspin\" x=\"47\" y=\"40\" width=\"6\" height=\"20\" rx=\"3\" ry=\"3\" transform=\"rotate(112.5 50 50) translate(0 -32)\"><animate attributeName=\"opacity\" from=\"1\" to=\"0\" dur=\"1.5s\" begin=\"0.46875s\" repeatCount=\"indefinite\" ><\/rect><rect class=\"wppa-ajaxspin\" x=\"47\" y=\"40\" width=\"6\" height=\"20\" rx=\"3\" ry=\"3\" transform=\"rotate(135 50 50) translate(0 -32)\"><animate attributeName=\"opacity\" from=\"1\" to=\"0\" dur=\"1.5s\" begin=\"0.5625s\" repeatCount=\"indefinite\" ><\/rect><rect class=\"wppa-ajaxspin\" x=\"47\" y=\"40\" width=\"6\" height=\"20\" rx=\"3\" ry=\"3\" transform=\"rotate(157.5 50 50) translate(0 -32)\"><animate attributeName=\"opacity\" from=\"1\" to=\"0\" dur=\"1.5s\" begin=\"0.65625s\" repeatCount=\"indefinite\" ><\/rect><rect class=\"wppa-ajaxspin\" x=\"47\" y=\"40\" width=\"6\" height=\"20\" rx=\"3\" ry=\"3\" transform=\"rotate(180 50 50) translate(0 -32)\"><animate attributeName=\"opacity\" from=\"1\" to=\"0\" dur=\"1.5s\" begin=\"0.75s\" repeatCount=\"indefinite\" ><\/rect><rect class=\"wppa-ajaxspin\" x=\"47\" y=\"40\" width=\"6\" height=\"20\" rx=\"3\" ry=\"3\" transform=\"rotate(202.5 50 50) translate(0 -32)\"><animate attributeName=\"opacity\" from=\"1\" to=\"0\" dur=\"1.5s\" begin=\"0.84375s\" repeatCount=\"indefinite\" ><\/rect><rect class=\"wppa-ajaxspin\" x=\"47\" y=\"40\" width=\"6\" height=\"20\" rx=\"3\" ry=\"3\" transform=\"rotate(225 50 50) translate(0 -32)\"><animate attributeName=\"opacity\" from=\"1\" to=\"0\" dur=\"1.5s\" begin=\"0.9375s\" repeatCount=\"indefinite\" ><\/rect><rect class=\"wppa-ajaxspin\" x=\"47\" y=\"40\" width=\"6\" height=\"20\" rx=\"3\" ry=\"3\" transform=\"rotate(247.5 50 50) translate(0 -32)\"><animate attributeName=\"opacity\" from=\"1\" to=\"0\" dur=\"1.5s\" begin=\"1.03125s\" repeatCount=\"indefinite\" ><\/rect><rect class=\"wppa-ajaxspin\" x=\"47\" y=\"40\" width=\"6\" height=\"20\" rx=\"3\" ry=\"3\" transform=\"rotate(270 50 50) translate(0 -32)\"><animate attributeName=\"opacity\" from=\"1\" to=\"0\" dur=\"1.5s\" begin=\"1.125s\" repeatCount=\"indefinite\" ><\/rect><rect class=\"wppa-ajaxspin\" x=\"47\" y=\"40\" width=\"6\" height=\"20\" rx=\"3\" ry=\"3\" transform=\"rotate(292.5 50 50) translate(0 -32)\"><animate attributeName=\"opacity\" from=\"1\" to=\"0\" dur=\"1.5s\" begin=\"1.21875s\" repeatCount=\"indefinite\" ><\/rect><rect class=\"wppa-ajaxspin\" x=\"47\" y=\"40\" width=\"6\" height=\"20\" rx=\"3\" ry=\"3\" transform=\"rotate(315 50 50) translate(0 -32)\"><animate attributeName=\"opacity\" from=\"1\" to=\"0\" dur=\"1.5s\" begin=\"1.3125s\" repeatCount=\"indefinite\" ><\/rect><rect class=\"wppa-ajaxspin\" x=\"47\" y=\"40\" width=\"6\" height=\"20\" rx=\"3\" ry=\"3\" transform=\"rotate(337.5 50 50) translate(0 -32)\"><animate attributeName=\"opacity\" from=\"1\" to=\"0\" dur=\"1.5s\" begin=\"1.40625s\" repeatCount=\"indefinite\" ><\/rect><\/svg><input type=\"hidden\" id=\"wppa-nonce-0-1\" name=\"wppa-nonce\" value=\"dab82664fa\" ><div id=\"wppa-bc-1\" class=\"wppa-nav wppa-box wppa-nav-text wppa-bc\" ><a href=\"https:\/\/burggrafweb.de#wppa-container-1\" class=\"wppa-nav-text b1\" style=\"cursor:pointer\" title=\"Wir sind mal wieder auf Reisen\">Start<\/a><span class=\"wppa-nav-text b1\"> &raquo; <\/span><a href=\"https:\/\/burggrafweb.de\/?page_id=743#wppa-container-1\" class=\"wppa-nav-text b3\" style=\"cursor:pointer\" title=\"Seite: 2013\">2013<\/a><span class=\"wppa-nav-text b3\"> &raquo; <\/span><span id=\"bc-pname-1\" class=\"wppa-nav-text b10\"  title=\"\">2013 August Italien<\/span><div style=\"clear:both\"><\/div><\/div><div id=\"wppa-albumlist-1\" style=\"overflow:auto;\" class=\"albumlist\"><div id=\"album-6-1\" title=\"Zeige das Album 2013 August Italien\" style=\"width:100%;clear:both;cursor:pointer;\" class=\"wppa-album-cover-standard album wppa-box wppa-cover-box wppa-cover-box-1\" onclick=\"wppaDoAjaxRender(event, 1, &#039;https:\/\/burggrafweb.de\/index.php?rest_route=\/wp-photo-album-plus\/endPoint?action=wppa&wppa-action=render&wppa-size=640&wppa-occur=1&wppa-fromp=743&lang=de&wppa-album=6&wppa-cover=0&wppa-occur=1&data-alb=6&#039;, &#039;https:\/\/burggrafweb.de\/?page_id=743&lang=de&wppa-album=e3d7cd3c6b0259ce&wppa-cover=0&wppa-occur=1&data-alb=6&#039; );return false;\"><div id=\"covertext_frame_6_1\" style=\"width:459px; float:left\" class=\"wppa-text-frame-1 wppa-text-frame wppa-cover-text-frame wppa-asym-text-frame-1\"><h2 style=\"clear:none\" class=\"wppa-title\"><a title=\"Zeige das Album 2013 August Italien\" href=\"https:\/\/burggrafweb.de\/?page_id=743&#038;lang=de&#038;wppa-album=e3d7cd3c6b0259ce&#038;wppa-cover=0&#038;wppa-occur=1&#038;data-alb=6\" target=\"_self\" class=\"wppa-title\" onclick=\"wppaDoAjaxRender(event, 1, &#039;https:\/\/burggrafweb.de\/index.php?rest_route=\/wp-photo-album-plus\/endPoint?action=wppa&wppa-action=render&wppa-size=640&wppa-occur=1&wppa-fromp=743&lang=de&wppa-album=6&wppa-cover=0&wppa-occur=1&data-alb=6&#039;, &#039;https:\/\/burggrafweb.de\/?page_id=743&lang=de&wppa-album=e3d7cd3c6b0259ce&wppa-cover=0&wppa-occur=1&data-alb=6&#039; );return false;\">2013 August Italien<\/a><\/h2><div style=\"min-height:54px;\" class=\"wppa-box-text wppa-black wppa-box-text-desc\">\u00dcber Umbrien nach Rom, weiter an die Amalfi K\u00fcste und zur\u00fcck \u00fcber Elba<\/div><div class=\"wppa-box-text wppa-black wppa-info wppa-slideshow-browse-link wppa-album-cover-link\"><a title=\"Diashow\" style=\"cursor:pointer\" class=\"wppa-album-cover-link\" onclick=\"wppaDoAjaxRender(event, 1, &#039;https:\/\/burggrafweb.de\/index.php?rest_route=\/wp-photo-album-plus\/endPoint?action=wppa&wppa-action=render&wppa-size=640&wppa-occur=1&wppa-fromp=743&lang=de&wppa-slide=1&wppa-occur=1&wppa-album=6&#039;, &#039;https:\/\/burggrafweb.de\/?page_id=743&lang=de&wppa-slide=1&wppa-occur=1&wppa-album=e3d7cd3c6b0259ce&#039; );return false;\">Diashow<\/a><\/div><div class=\"wppa-box-text wppa-black wppa-info wppa-viewlink wppa-album-cover-link\"><a title=\"Zeige das Album 2013 August Italien\" style=\"cursor:pointer;\" class=\"wppa-album-cover-link\" onclick=\"wppaDoAjaxRender(event, 1, &#039;https:\/\/burggrafweb.de\/index.php?rest_route=\/wp-photo-album-plus\/endPoint?action=wppa&wppa-action=render&wppa-size=640&wppa-occur=1&wppa-fromp=743&lang=de&wppa-album=6&wppa-cover=0&wppa-occur=1&data-alb=6&#039;, &#039;https:\/\/burggrafweb.de\/?page_id=743&lang=de&wppa-album=e3d7cd3c6b0259ce&wppa-cover=0&wppa-occur=1&data-alb=6&#039; );return false;\">31&nbsp;Fotos&nbsp;anzeigen<\/a><\/div><\/div><div id=\"coverphoto_frame_6_1\" style=\"float:right; margin-left:5px;width:160px;\" class=\"coverphoto-frame\"><div title=\" \" style=\"display:inline-block;margin:0 4px;\" onclick=\"wppaStopProp(event)\"><a title=\"Zeige das Album 2013 August Italien\" style=\"border:0;color:transparent;cursor:pointer;\" href=\"https:\/\/burggrafweb.de\/?page_id=743&#038;lang=de&#038;wppa-album=e3d7cd3c6b0259ce&#038;wppa-cover=0&#038;wppa-occur=1&#038;data-alb=6\" target=\"_self\" onclick=\"return false;\"><img loading=\"lazy\" decoding=\"async\" style=\"border-width:0px;width:150px;height:100px;opacity:0.85;display:inline;\" width=\"200\" height=\"133\" src=\"https:\/\/burggrafweb.de\/wp-content\/uploads\/wppa\/thumbs\/421.jpg?ver=6\" alt=\"0450.JPG\" class=\"pietje image wppa-img\" onclick=\"wppaDoAjaxRender(event, 1, &#039;https:\/\/burggrafweb.de\/index.php?rest_route=\/wp-photo-album-plus\/endPoint?action=wppa&wppa-action=render&wppa-size=640&wppa-occur=1&wppa-fromp=743&lang=de&wppa-album=6&wppa-cover=0&wppa-occur=1&data-alb=6&#039;, &#039;https:\/\/burggrafweb.de\/?page_id=743&lang=de&wppa-album=e3d7cd3c6b0259ce&wppa-cover=0&wppa-occur=1&data-alb=6&#039; );return false;;return false;\" onmouseover=\"jQuery(this).fadeTo(400, 1.0)\" onmouseout=\"jQuery(this).fadeTo(400,0.85)\"><\/a><\/div><\/div><div title=\" \" onclick=\"wppaStopProp(event);\"><\/div><div style=\"clear:both;\"><\/div><\/div><\/div><div style=\"clear:both;\"><\/div><div id=\"wppa-container-1-end\"><\/div><\/div><\/div>\n<!-- End [wppa type=\"cover\" album=\"6\"] \/index.php?rest_route=%2Fwp%2Fv2%2Fpages%2F743 oc 1 13 queries in 56.2 ms. at 14:45. Max mem: 46.50 Mb. -->\n<h3><a href=\"https:\/\/burggrafweb.de\/?page_id=59\" target=\"_blank\">2013 Oktober Hurtigruten<\/a><a href=\"https:\/\/burggrafweb.de\/?page_id=415\"><br \/>\n<\/a>&#8211;\u00a0<a href=\"https:\/\/burggrafweb.de\/?page_id=415\" target=\"_blank\">Reisedoku<\/a><\/h3>\n<h3>2013 Dezember Andalusien<\/h3>\n<p><a href=\"https:\/\/burggrafweb.de\/wp-content\/uploads\/2016\/01\/IMG_6666.jpg\"><img loading=\"lazy\" decoding=\"async\" class=\"alignnone size-large wp-image-837\" src=\"https:\/\/burggrafweb.de\/wp-content\/uploads\/2016\/01\/IMG_6666-1024x683.jpg\" alt=\"img_6666\" width=\"625\" height=\"417\" srcset=\"https:\/\/burggrafweb.de\/wp-content\/uploads\/2016\/01\/IMG_6666-1024x683.jpg 1024w, https:\/\/burggrafweb.de\/wp-content\/uploads\/2016\/01\/IMG_6666-300x200.jpg 300w, https:\/\/burggrafweb.de\/wp-content\/uploads\/2016\/01\/IMG_6666-768x512.jpg 768w, https:\/\/burggrafweb.de\/wp-content\/uploads\/2016\/01\/IMG_6666-624x416.jpg 624w\" sizes=\"auto, (max-width: 625px) 100vw, 625px\" \/><\/a><\/p>\n","protected":false},"excerpt":{"rendered":"<p>2013 Februar London 2013 M\u00e4rz Provence 2013 Mai England 2013 August Italien &#8211; Wegbschreibung &#8211; Umbrien &#8211;\u00a0Rom &#8211; Golf von\u00a0Neapel &#8211; Elba 2013 Oktober Hurtigruten &#8211;\u00a0Reisedoku 2013 Dezember Andalusien<\/p>\n","protected":false},"author":1,"featured_media":0,"parent":0,"menu_order":0,"comment_status":"closed","ping_status":"closed","template":"","meta":{"footnotes":""},"class_list":["post-743","page","type-page","status-publish","hentry"],"_links":{"self":[{"href":"https:\/\/burggrafweb.de\/index.php?rest_route=\/wp\/v2\/pages\/743","targetHints":{"allow":["GET"]}}],"collection":[{"href":"https:\/\/burggrafweb.de\/index.php?rest_route=\/wp\/v2\/pages"}],"about":[{"href":"https:\/\/burggrafweb.de\/index.php?rest_route=\/wp\/v2\/types\/page"}],"author":[{"embeddable":true,"href":"https:\/\/burggrafweb.de\/index.php?rest_route=\/wp\/v2\/users\/1"}],"replies":[{"embeddable":true,"href":"https:\/\/burggrafweb.de\/index.php?rest_route=%2Fwp%2Fv2%2Fcomments&post=743"}],"version-history":[{"count":12,"href":"https:\/\/burggrafweb.de\/index.php?rest_route=\/wp\/v2\/pages\/743\/revisions"}],"predecessor-version":[{"id":839,"href":"https:\/\/burggrafweb.de\/index.php?rest_route=\/wp\/v2\/pages\/743\/revisions\/839"}],"wp:attachment":[{"href":"https:\/\/burggrafweb.de\/index.php?rest_route=%2Fwp%2Fv2%2Fmedia&parent=743"}],"curies":[{"name":"wp","href":"https:\/\/api.w.org\/{rel}","templated":true}]}}