{"id":794,"date":"2016-08-15T17:45:20","date_gmt":"2016-08-15T15:45:20","guid":{"rendered":"http:\/\/burggrafweb.de\/?page_id=794"},"modified":"2016-08-24T11:18:12","modified_gmt":"2016-08-24T09:18:12","slug":"campingplaetze","status":"publish","type":"page","link":"https:\/\/burggrafweb.de\/?page_id=794","title":{"rendered":"Campingpl\u00e4tze"},"content":{"rendered":"<p>Hier findet ihr &#8211; &#8222;Orange&#8220; &#8211; eine kleine \u00dcbersicht unserer bereits besuchten Campingpl\u00e4tze.<br \/>\nVollst\u00e4ndig ist die \u00dcbersicht nat\u00fcrlich nicht und sie wird hoffentlich noch weiter wachsen \ud83d\ude42<\/p>\n<p>Darum sind bereits weitere Campingpl\u00e4tze (Empfehlungen) in &#8222;Gr\u00fcn&#8220; hinterlegt. <\/p>\n<p><iframe loading=\"lazy\" src=\"https:\/\/www.google.com\/maps\/d\/embed?mid=1ruEXhjb8nD1slFkZD-1y_5XgUdU\" width=\"640\" height=\"480\"><\/iframe><\/p>\n","protected":false},"excerpt":{"rendered":"<p>Hier findet ihr &#8211; &#8222;Orange&#8220; &#8211; eine kleine \u00dcbersicht unserer bereits besuchten Campingpl\u00e4tze. Vollst\u00e4ndig ist die \u00dcbersicht nat\u00fcrlich nicht und sie wird hoffentlich noch weiter wachsen \ud83d\ude42 Darum sind bereits weitere Campingpl\u00e4tze (Empfehlungen) in &#8222;Gr\u00fcn&#8220; hinterlegt.<\/p>\n","protected":false},"author":1,"featured_media":0,"parent":0,"menu_order":0,"comment_status":"closed","ping_status":"closed","template":"","meta":{"footnotes":""},"class_list":["post-794","page","type-page","status-publish","hentry"],"_links":{"self":[{"href":"https:\/\/burggrafweb.de\/index.php?rest_route=\/wp\/v2\/pages\/794","targetHints":{"allow":["GET"]}}],"collection":[{"href":"https:\/\/burggrafweb.de\/index.php?rest_route=\/wp\/v2\/pages"}],"about":[{"href":"https:\/\/burggrafweb.de\/index.php?rest_route=\/wp\/v2\/types\/page"}],"author":[{"embeddable":true,"href":"https:\/\/burggrafweb.de\/index.php?rest_route=\/wp\/v2\/users\/1"}],"replies":[{"embeddable":true,"href":"https:\/\/burggrafweb.de\/index.php?rest_route=%2Fwp%2Fv2%2Fcomments&post=794"}],"version-history":[{"count":16,"href":"https:\/\/burggrafweb.de\/index.php?rest_route=\/wp\/v2\/pages\/794\/revisions"}],"predecessor-version":[{"id":812,"href":"https:\/\/burggrafweb.de\/index.php?rest_route=\/wp\/v2\/pages\/794\/revisions\/812"}],"wp:attachment":[{"href":"https:\/\/burggrafweb.de\/index.php?rest_route=%2Fwp%2Fv2%2Fmedia&parent=794"}],"curies":[{"name":"wp","href":"https:\/\/api.w.org\/{rel}","templated":true}]}}